i(u) = 2*u**3 - 11*u**2 - 8*u + 73. Give i(5).
8
Let b(r) = -8*r + 6. Determine b(-8).
70
Let r(h) = -h**3 - 12*h**2 - 28*h. What is r(-9)?
9
Let l(h) = h**3 + 11*h**2 - 19*h - 92. Give l(-12).
-8
Let m(y) = -y**3 + 17*y**2 + 136*y - 2. What is m(-7)?
222
Let y(v) = -v**2 + 53*v - 271. Give y(14).
275
Let y(v) = v**2 - 30*v - 405. Determine y(40).
-5
Let m(f) = -f**3 + 77*f**2 - 298*f + 434. What is m(73)?
-4
Let d(h) = 2*h**2 + 227*h + 1755. Determine d(-106).
165
Let r(f) = f**2 - 5488*f - 27465. Give r(-5).
0
Let h(p) = p**2 + 306*p + 21112. Give h(-201).
7
Let v(p) = 28*p + 1508. What is v(-76)?
-620
Let d(o) = o**2 + 3*o - 11. What is d(-6)?
7
Let r(j) = -3*j**2 - 98*j - 742. Calculate r(-24).
-118
Let x(o) = -124*o - 101. Give x(-1).
23
Let i(u) = -3*u**2 + 6*u - 7. Give i(2).
-7
Let a(g) = g**3 + 19*g**2 - 65*g + 38. What is a(-22)?
16
Let j(f) = f**3 + 11*f**2 + 25*f. Calculate j(-9).
-63
Let g(l) = -297*l - 998. Determine g(-5).
487
Let o(u) = -3*u**2 - 26*u - 75. Give o(-6).
-27
Let u(s) = -s**3 + 11*s**2 + 15*s + 9. Calculate u(12).
45
Let s(a) = -3*a**2 + 239*a - 473. Determine s(2).
-7
Let i(n) = -n**3 + 7*n**2 + 103*n - 123. Determine i(-8).
13
Let b(q) = -q**3 + q**2 + 554*q - 24. Determine b(24).
24
Let v(c) = -c**3 + 40*c**2 + 41*c + 12. Determine v(41).
12
Let n(s) = 9*s + 110. Give n(9).
191
Let j(y) = 539*y + 25327. What is j(-47)?
-6
Let g(a) = -3*a**2 + 153*a - 729. What is g(45)?
81
Let h(t) = -t**3 + 3*t**2 + 2*t + 207. Determine h(0).
207
Let o(m) = 482*m + 3330. What is o(-7)?
-44
Let p(j) = 3306*j - 75999. Calculate p(23).
39
Let y(v) = v**3 + 69*v**2 + 317*v - 178. What is y(-64)?
14
Let t(l) = -l**2 + 90*l - 1513. Give t(24).
71
Let l(r) = -2*r**2 - 75*r - 695. What is l(-22)?
-13
Let y(i) = i**2 + 4*i - 20. What is y(3)?
1
Let o(g) = -g**3 + 14*g**2 + 4*g - 80. Give o(14).
-24
Let o(s) = 62*s**2 - 1238*s + 22. Give o(20).
62
Let c(y) = y**3 - 53*y**2 + 151*y - 170. Determine c(50).
-120
Let a(u) = u**2 - 617*u - 6923. Calculate a(-11).
-15
Let a(w) = -w**3 - 15*w**2 - 41*w + 228. Give a(-9).
111
Let y(d) = -2*d**3 - 87*d**2 - 49*d - 261. Determine y(-43).
-3
Let m(z) = -z**2 + 56*z - 308. What is m(50)?
-8
Let r(i) = -127*i + 2022. Determine r(16).
-10
Let c(g) = 2*g**3 - 9*g**2 - 50. Give c(5).
-25
Let h(l) = -13*l**2 + 1324*l + 1325. Give h(-1).
-12
Let t(y) = -2*y**3 + 13*y**2 + 27*y - 21. Give t(8).
3
Let k(s) = s**3 + 5*s**2 - 16*s - 22. Determine k(-7).
-8
Let t(d) = -d**3 + 4*d**2 + 13*d. Calculate t(6).
6
Let w(m) = 2*m + 788. Calculate w(-23).
742
Let p(i) = -5*i**3 - 7*i - 9. Give p(-3).
147
Let l(p) = -781*p + 96064. What is l(123)?
1
Let m(w) = -9*w**2 + 294*w + 408. Give m(34).
0
Let s(z) = -26*z**2 + 22*z - 64. Determine s(3).
-232
Let k(n) = n**3 - 28*n**2 + 140*n + 63. Calculate k(21).
-84
Let z(i) = -i**2 - 32*i + 835. Calculate z(17).
2
Let z(d) = 145*d - 729. Determine z(5).
-4
Let j(c) = -c**3 + 7*c**2 + 42*c - 133. Give j(7).
161
Let s(u) = 16*u**3 + 942*u**2 - 126*u - 478. Calculate s(-59).
-6
Let j(o) = 43557*o - 130676. Determine j(3).
-5
Let u(z) = -10*z**2 - 31*z - 4. Give u(-3).
-1
Let c(x) = 18*x - 45. Calculate c(3).
9
Let s(o) = -o**3 + 13*o**2 - 6*o + 58. Give s(12).
130
Let w(y) = 51*y**2 + 186*y + 91. Calculate w(-3).
-8
Let n(p) = p**2 + 11*p - 24. Calculate n(-4).
-52
Let z(f) = 30*f**2 + 1022*f + 56. Give z(-34).
-12
Let j(l) = 10*l**2 - 29*l + 10. What is j(3)?
13
Let s(c) = -9*c**2 - 350*c - 6. Give s(-39).
-45
Let z(k) = k**3 + 3*k**2 + 22*k + 190. Calculate z(-5).
30
Let w(s) = -83*s + 150. What is w(3)?
-99
Let i(v) = -2500*v + 7521. What is i(3)?
21
Let k(v) = 3*v**2 - 7*v - 16. Determine k(-3).
32
Let h(s) = -579*s - 4053. What is h(-7)?
0
Let f(m) = -m**3 - 25*m**2 + 302*m + 25. Determine f(9).
-11
Let c(s) = -160*s - 19504. Give c(-122).
16
Let z(f) = f**2 + 9*f - 95. Give z(6).
-5
Let o(u) = u**2 + 17*u + 69. What is o(-22)?
179
Let y(l) = -241*l - 9451. Determine y(-39).
-52
Let m(d) = 61*d - 2963. Give m(48).
-35
Let q(n) = n**3 + 13*n**2 - 161*n - 192. What is q(-20)?
228
Let v(n) = -21*n**2 - 15*n - 3. What is v(-5)?
-453
Let v(y) = -y**3 - 47*y**2 + 322*y - 25. Determine v(6).
-1
Let c(w) = -118*w + 44. Give c(7).
-782
Let j(u) = -u**2 + 61*u - 379. Give j(52).
89
Let s(b) = -b**3 - 20*b**2 + b + 127. What is s(-20)?
107
Let q(b) = 30*b + 893. Calculate q(-27).
83
Let h(v) = v**2 - 52*v - 3023. Calculate h(87).
22
Let j(m) = -2*m**3 - 8*m**2 + 8*m + 26. Calculate j(-5).
36
Let k(n) = -n**3 + 38*n**2 + 776*n + 678. What is k(-14)?
6
Let o(x) = -2*x + 104. Calculate o(8).
88
Let a(m) = 10*m**2 + 20*m - 40. What is a(2)?
40
Let y(z) = -1734*z + 1769. Give y(1).
35
Let j(c) = -c**3 - 25*c**2 - 42*c - 466. What is j(-24)?
-34
Let v(m) = m**3 + 135*m**2 - 282*m - 1088. Calculate v(-137).
8
Let v(i) = 459*i - 1801. Calculate v(4).
35
Let v(b) = -b**3 + 16*b**2 + 4*b - 50. Give v(16).
14
Let i(u) = -4*u**2 + 176*u - 1526. Calculate i(32).
10
Let f(a) = 59*a**3 - 5*a**2 - 4*a + 11. Determine f(-2).
-473
Let n(x) = -2862*x + 16. What is n(0)?
16
Let g(v) = 353*v + 20884. Give g(-59).
57
Let o(n) = 17*n - 45. Determine o(46).
737
Let m(u) = -2*u**2 + 93*u + 264. Give m(49).
19
Let g(j) = 6*j**2 + 79*j + 271. Give g(-3).
88
Let u(k) = -7*k**3 + 6*k**2 - 11*k + 13. Determine u(3).
-155
Let k(y) = 5*y + 45. Calculate k(-15).
-30
Let t(p) = 2092*p - 31389. Give t(15).
-9
Let l(i) = -12*i - 266. Calculate l(-19).
-38
Let y(a) = a**3 - 21*a**2 - 38*a + 1216. Give y(20).
56
Let y(h) = -2*h**3 + 6*h**2 - 7*h + 59. Give y(5).
-76
Let t(f) = f**2 + 27*f + 85. Determine t(-3).
13
Let d(q) = -7*q + 1. Give d(36).
-251
Let v(c) = 6*c - 54. What is v(-11)?
-120
Let z(t) = -8*t**2 + 129*t - 421. Give z(12).
-25
Let g(i) = -5*i**2 - 21*i + 59. Determine g(-6).
5
Let h(c) = -6*c**2 - 104*c + 955. Give h(-23).
173
Let p(q) = 1706*q + 6828. Determine p(-4).
4
Let g(d) = -1531*d - 30628. What is g(-20)?
-8
Let g(w) = -3*w**2 + 299*w + 601. Calculate g(-2).
-9
Let f(k) = 2*k**3 - 21*k**2 - 13*k + 19. Give f(10).
-211
Let t(d) = -11*d + 1188. Calculate t(105).
33
Let z(i) = -i**3 - 17*i**2 - 13*i + 114. Calculate z(-15).
-141
Let n(m) = 29*m + 2524. Give n(-87).
1
Let b(w) = w**3 + w**2 + 3*w - 4. What is b(6)?
266
Let f(w) = -w**2 + 269*w + 537. What is f(-2)?
-5
Let m(c) = 3*c**2 - 530*c - 5769. Calculate m(187).
28
Let s(i) = 80*i + 2724. What is s(-34)?
4
Let d(s) = -36*s - 556. Give d(-10).
-196
Let b(l) = -l**2 - 88*l - 75. Give b(-78).
705
Let h(u) = -8*u - 11. What is h(1)?
-19
Let p(c) = -3*c**2 + 130*c - 1058. Determine p(11).
9
Let o(l) = -l**3 + 65*l**2 + 113*l + 1475. What is o(67)?
68
Let b(a) = 3*a**3 - 5*a**2 - 64*a + 46. Calculate b(-4).
30
Let c(y) = 3*y**2 - 2*y - 38. Give c(4).
2
Let a(d) = -85*d**2 - 344*d + 15. Calculate a(-4).
31
Let w(m) = m**2 - 350*m + 1378. Determine w(4).
-6
Let u(r) = 2*r**3 + 24*r**2 + 11*r - 39. Determine u(-11).
82
Let j(w) = 14*w**2 + 587*w - 39. Calculate j(-42).
3
Let h(n) = 6*n**3 - 23*n + 45. Give h(2).
47
Let a(w) = -w**3 + 18*w**2 + 44*w - 105. Determine a(20).
-25
Let l(v) = 136*v + 1260. Determine l(-9).
36
Let a(n) = 374*n**3 + 4*n**2 - 2*n - 1. Calculate a(1).
375
Let r(w) = -13*w**2 - 127*w - 291. Determine r(-6).
3
Let k(d) = -21*d + 2497. What is k(120)?
-23
Let h(r) = 2*r**3 - 19*r**2 - 171*r - 593. Calculate h(16).
-1
Let y(r) = -4*r**2 + 13*r. Calculate y(6).
-66
Let p(c) = -c**3 + 25*c**2 + 24*c - 598. Give p(25).
2
Let g(k) = k**3 - 18*k**2 - 224*k + 401. What is g(26)?
-15
Let m(w) = 3*w - 340. What is m(-6)?
-358
Let q(c) = 31*c**3 - 16*c**2 + 24*c - 6. Give q(1).
33
Let t(o) = -3*o**3 + 114*o**2 + 120*o - 112. Give t(39).
5
Let n(t) = -1087*t - 10828. What is n(-10)?
42
Let x(q) = 42*q + 650. Give x(-4).
482
Let r(v) = 7*v**2 - 53*v - 111. Calculate r(-2).
23
Let b(m) = 69*m + 173. What is b(-3)?
-34
Let d(c) = -5*c**2 - 4*c + 14. What is d(2)?
-14
Let g(k) = -k**3 - k**2 + 33*k - 14. Give g(0).
-14
Let v(l) = -557*l - 2621. Determine v(-4).
-393
Let q(d) = -d**2 + 51*d - 632. What is q(27)?
16
Let b(r) = 58*r - 113. Give b(1).
-55
Let u(j) = -21*j - 236. Calculate u(-11).
-5
Let h(n) = -6*n**2 - 82*n + 7. Calculate h(-13).
59
Let f(g) = 13*g - 29. Calculate f(3).
10
Let t(k) = k**3 + 76*k**2 + 75*k - 10. Calculate t(-75)